{"id":181,"date":"2021-02-10T19:00:29","date_gmt":"2021-02-10T18:00:29","guid":{"rendered":"http:\/\/mgsysteme.be\/?page_id=181"},"modified":"2021-02-10T19:59:54","modified_gmt":"2021-02-10T18:59:54","slug":"controleur-dacces","status":"publish","type":"page","link":"https:\/\/mgsysteme.be\/index.php\/services\/controleur-dacces\/","title":{"rendered":"Contr\u00f4leur d&rsquo;acc\u00e8s"},"content":{"rendered":"\n<p>Nos syst\u00e8mes permettent d\u2019organiser le flux de personnes et ou de g\u00e9rer l\u2019accessibilit\u00e9 de zone de fa\u00e7on s\u00e9lective.<\/p>\n\n\n\n<p>Par clavier \u00e0 code, par badge ou carte magn\u00e9tique, pour une ou plusieurs portes, nous trouverons et d\u00e9velopperons ensemble le syst\u00e8me qui correspond au mieux \u00e0 vos attentes.<\/p>\n\n\n\n<p>Quelques soit votre projet nous avons une solution, n\u2019h\u00e9sitez pas \u00e0 nous contacter.<\/p>\n\n\n\n<figure class=\"wp-block-image size-large\"><img loading=\"lazy\" width=\"1024\" height=\"146\" src=\"https:\/\/mgsysteme.be\/wp-content\/uploads\/2021\/02\/banniere-1024x146.png\" alt=\"\" class=\"wp-image-197\" srcset=\"https:\/\/mgsysteme.be\/wp-content\/uploads\/2021\/02\/banniere-1024x146.png 1024w, https:\/\/mgsysteme.be\/wp-content\/uploads\/2021\/02\/banniere-300x43.png 300w, https:\/\/mgsysteme.be\/wp-content\/uploads\/2021\/02\/banniere-768x110.png 768w, https:\/\/mgsysteme.be\/wp-content\/uploads\/2021\/02\/banniere.png 1050w\" sizes=\"(max-width: 1024px) 100vw, 1024px\" \/><\/figure>\n","protected":false},"excerpt":{"rendered":"<p>Nos syst\u00e8mes permettent d\u2019organiser le flux de personnes et ou de g\u00e9rer l\u2019accessibilit\u00e9 de zone de fa\u00e7on s\u00e9lective. Par clavier \u00e0 code, par badge ou carte magn\u00e9tique, pour une ou plusieurs portes, nous trouverons et d\u00e9velopperons ensemble le syst\u00e8me qui correspond au mieux \u00e0 vos attentes. Quelques soit votre projet nous avons une solution, n\u2019h\u00e9sitez [&hellip;]<\/p>\n","protected":false},"author":1,"featured_media":0,"parent":55,"menu_order":1,"comment_status":"closed","ping_status":"closed","template":"","meta":[],"_links":{"self":[{"href":"https:\/\/mgsysteme.be\/index.php\/wp-json\/wp\/v2\/pages\/181"}],"collection":[{"href":"https:\/\/mgsysteme.be\/index.php\/wp-json\/wp\/v2\/pages"}],"about":[{"href":"https:\/\/mgsysteme.be\/index.php\/wp-json\/wp\/v2\/types\/page"}],"author":[{"embeddable":true,"href":"https:\/\/mgsysteme.be\/index.php\/wp-json\/wp\/v2\/users\/1"}],"replies":[{"embeddable":true,"href":"https:\/\/mgsysteme.be\/index.php\/wp-json\/wp\/v2\/comments?post=181"}],"version-history":[{"count":3,"href":"https:\/\/mgsysteme.be\/index.php\/wp-json\/wp\/v2\/pages\/181\/revisions"}],"predecessor-version":[{"id":201,"href":"https:\/\/mgsysteme.be\/index.php\/wp-json\/wp\/v2\/pages\/181\/revisions\/201"}],"up":[{"embeddable":true,"href":"https:\/\/mgsysteme.be\/index.php\/wp-json\/wp\/v2\/pages\/55"}],"wp:attachment":[{"href":"https:\/\/mgsysteme.be\/index.php\/wp-json\/wp\/v2\/media?parent=181"}],"curies":[{"name":"wp","href":"https:\/\/api.w.org\/{rel}","templated":true}]}}